1 - 6) + -3 + 15 + -18?
61
(6 + -7 - (-8 - 2)) + (-77 - -45)
-23
(-26 - 0) + (-85 - -97) + 15 + 35
36
Calculate -44 + 1 + -228 + 158 + 71.
-42
Calculate (19 - 3) + ((-31 - 0) + 30 - 28).
-13
Evaluate -36 - (69 + 21 - 56).
-70
Evaluate 4 + -1 + -2212 + 2231.
22
What is the value of -128 + 131 - (-33 + 44 + -2 + 1)?
-7
Calculate -123 - (-22 - (-2 - (2 - (-14 - -16)))).
-103
What is -4394 - -4271 - (2 - 60)?
-65
Evaluate -309 + 298 + (0 - (3 - 8)).
-6
Evaluate 1 + 24 - (646 - 619) - (-3 + 3).
-2
What is the value of 1 - 2 - -2 - (220 + 15 + -25 - 63)?
-146
Evaluate -58 - ((0 - 5) + -48).
-5
What is the value of -55 - 1 - (-5360 + 5251)?
53
Calculate -7 + (73 - -14) + 4 + -18 - 14.
52
What is 86 - (23 + -1 + 1)?
63
Calculate 1 - 45 - (23 + (1 - (47 - 18))).
-39
What is 78 + (141 - (-22 + 331))?
-90
Evaluate -1 + 3 - 31 - (1 + -3 - 10).
-17
Evaluate -23 + -49 - -1 - (-2 + (8 - -5)).
-82
Evaluate 68 - 109 - -51 - (35 + 0).
-25
(-8 - 1) + 25 + (6 - -5) + 2
29
What is -103 - -94 - -34 - (-5 + 69)?
-39
Calculate 61 + -42 + (-5 - 9).
5
Calculate (-14 - 21) + 13 - -91 - ((7 - 2) + 6).
58
Calculate 1 + (-13 - -3) + (40 - -27 - 84).
-26
(-281 - -17 - -161) + (-1 - -5)
-99
Calculate -6 - (-1 + (-1 - -2)) - -10 - (17 + -18).
5
What is -8 - (16 + (-3 - -5) + (-2 - (1 - 11)))?
-34
What is (-7 - -2) + (4 - (-35 + 40) - (103 - 2))?
-107
Evaluate 1 - 1 - (37 + -9 + 11) - (28 + -27).
-40
What is (-22 - (-47 + 5)) + -139 + (-26 - -7)?
-138
383 - 394 - (8 + -1) - (5 - 1)
-22
Evaluate -1587 - -1567 - (6 - 6 - (1 + -79)).
-98
Evaluate -87 + 1 - (-34 + 80) - -22.
-110
(54 - (2 + -1)) + (-17 - -136 - 132)
40
What is the value of -7 + (31 + -30 + 1 - (-2 + 12 - -1))?
-16
What is the value of (-511 - -271 - -238) + (-1 - -89)?
86
Evaluate 0 - 1 - (-13 + 14 + -48 - -19).
27
Calculate (-24 - 22) + (-26 - -116).
44
What is the value of (8 - (10 + -4)) + (-11 - -5) + (-76 - -83)?
3
Evaluate 5 + 6 + (11 - (-3 - -2)) - (-7 + 1).
29
(-5 - (4 - 8 - (-5 - -3) - 14)) + 77
88
(4333 - 4318) + -67 + (-3 - -1)
-54
What is -8 - ((-2 + 1 - 47) + 7 + -4 + 7)?
30
What is the value of (-4 - (5 + 65) - -8) + (-2 + 10 - 3)?
-61
-4 + -12 + -35 + -17 + 43
-25
Evaluate 74 + 168 + -189 + 48 + -1 + (2 - 15).
87
What is -1997 + 2018 - (-56 + -1)?
78
What is (57 - -14) + -52 - 55?
-36
What is the value of 57 + (5 - 10) + (-21 - -13) + (4 - 0)?
48
What is the value of -36 + (-4 - 1 - -1) + -16?
-56
What is 0 - 66 - (-4 + 4) - (145 + (-22 - 129))?
-60
What is (4 + (-87 - 0) - 2) + (-37 + -13 - -57)?
-78
Calculate 30 + 1 - (0 - (-7 + 14)).
38
8 + 35 + -55 + -63
-75
Calculate (-39 - -17) + 5 + 42 + (-11 - -4).
18
Calculate 95 + 0 + -154 + -12 + 135.
64
Evaluate 13 + 26 + (-21 - -15) + (-1 - -6).
38
Evaluate (2 - 3) + (-13 - -10) + 103 - (11 - 4).
92
What is the value of 16 + 16 + 6 + -37 + (2 - 2) + 28?
29
Calculate 50 - ((-9 - -11) + 12 - 24 - -8).
52
Calculate 32 + 0 + 0 - (-6069 + 6109).
-8
What is the value of -24 - ((42 - 65) + 23) - 26?
-50
0 + 0 + -29 - (15 + -3 - -1)
-42
What is the value of -20 + -36 + (-49 - -105)?
0
Evaluate -9 - (0 + (0 - -4) + -4 + -38).
29
What is -31 - ((32 - (21 - 11)) + -29)?
-24
What is (23 - (-29 - -62 - -87)) + 0 + 10 + 1?
-86
Calculate 14 - (12 - (-24 + 46)).
24
Evaluate 5 + (-19 - -17) + 7 + (-11 - 0).
-1
Evaluate -1 + 21 + -27 + (-26 - 73).
-106
Evaluate 2 + 1 + -9 + (157 - (145 - -18)).
-12
What is -2 + (-7 - -6) + -57 - (20 + 3 + -15)?
-68
What is the value of 103 + (80 - 143) - 42?
-2
-71 + (85 - -72) + -66
20
What is -18 + (17 - 11) + 25 + (0 - 2) + -10?
1
What is -70 + 69 + -33 + 4 - (-2 - 0)?
-28
What is -31 + 22 + 2 + (-16 - 8)?
-31
Evaluate -7 + 0 + (-17 + 8 - (-19 + 25)).
-22
What is the value of -5 + 1 + (-53 + 75 - (24 + -5))?
-1
Calculate 70 - (96 - 27 - 27).
28
Calculate (-1 - 1) + 0 - (-700 - -701) - 0.
-3
What is the value of 54 - (34 - (35 - 2 - (-45 + 58)))?
40
-17 + -3 + 26 + -1 + (-6 - 0)
-1
What is the value of -125 + 114 + -49 + -11?
-71
Calculate (-7 - (-6 + -9)) + -7 + 0 + -10.
-9
What is the value of -2 - (-35 - -7) - 27?
-1
Evaluate 37 + -60 + -5 + 38.
10
Calculate -105 + -6 + 16 + -5 + 4 + (4 - 21).
-113
Evaluate (-16 - (-5 + (21 - 27))) + 8 + -73.
-70
What is the value of (-32 - -29) + -3 + 18 + -11 - -113?
114
Evaluate 12778 + -12806 - (0 - -15).
-43
Evaluate 52 + (-13 - -16) - 56.
-1
What is (-34 - -4 - (117 + -68)) + (2 - (1 - 12))?
-66
Evaluate 67 + (5 + 1 - -1) + (-34 - -27) + 1.
68
Evaluate (14 - 8) + (21 - (17 + -2) - (0 - -55)).
-43
Evaluate 48 - (101 + -51 + -28).
26
51 + (-16 - -23) + (3 - -4 - (-14 + 18))
61
What is -29 - (46 + -37 - (-8 + 0))?
-46
Calculate (-4 + 0 + -11 - -16) + 34.
35
Calculate -20 + 48 + (-18 + 9 - 75).
-56
Evaluate 46 + -4 + -59 + -86.
-103
Calculate 67 - (36 + -88 - -76).
43
-28 + 137 - (-119 + 180)
48
What is (2 - 33) + (3 + 7 - (3 - (15 + -27)))?
-36
Evaluate -71 + 1 + 1 - (1901 + -1922).
-48
Evaluate -45 + 50 + (-30 - 4).
-29
17 + 3 - (11 - (34 + -32))
11
Calculate 4 - (19 + -3) - (3593 - 3668).
63
Calculate (-285 - -316) + (2 - 44).
-11
Calculate 12 - (44 + (-22 - 13) + (54 - (-1 + 1))).
-51
What is the value of 118 + -12 + -48 - (-9 - 1 - 0)?
68
Evaluate (7 + (19 - (-4 + 6)) - (26 - 20)) + 5.
23
8 + 10 + 0 + (-76 + 1 - (776 - 786))
-47
What is the value of (-47 - 4) + (-235 - -247)?
-39
Calculate (3 - (2 - 2)) + (-464 - -303) + 19.
-139
Calculate -11 + 11 + (12 - 6) - (0 - 7).
13
What is (-5318 - -5325) + -43 + 3 + -1?
-34
-14 + 1 + 2 + -601 + 548 - (0 - -2)
-66
Calculate 3 - (2 + 1 + -3 + (-13 - -13) + -21).
24
Calculate (0 - -55) + (-3 - (-32 - (10 + -29)) - 1).
64
What is 82 - ((69 - 107) + 38)?
82
What is -37 - (-64 - (19 - -10))?
56
What is the value of 5 + 18 - 32 - (-5 - -2 - -33)?
-39
Evaluate 121 - (-71 - -121) - (6 + -3).
68
(-15 - -23) + 2 - (9 - (6 - (17 - 3)))
-7
(700 + -353 - 336) + (0 - -20 - (1 - 2))
32
(42 - (-3 + 32)) + -28
-15
Evaluate 29 + -10 + (37 + 20 - 28).
48
What is the value of (131 - 30) + -25 + -61?
15
What is (4 - (2 + -11)) + -2 - (29 - 28)?
10
12 + 1 + 0 - (-3678 - -3635)
56
Evaluate 64 - (29 + -7 + 0).
42
-170 - -190 - (1 + -3 + -2)
24
Evaluate -2 - -46 - (146 + -116 - 37).
51
Evaluate (1 - 31) + 236 + -101 + -8.
97
Evaluate (-5 - -6) + (-106 - -84) + (1 - -96).
76
2739 + -2748 + ((84 - 1) + 2 - 1)
75
What is (14 - 49) + 12 + 25 + -1 + 49?
50
Evaluate 71 + (-31 - -6) + -6.
40
(-34 - (-5 - 56)) + -12 + 34
49
Evaluate (7 + -4 + -5 - (-2 - -11)) + 18 + -59.
-52
Evaluate 0 - ((8 - (14 + -9)) + 34 + (9 - 6)).
-40
What is the value of -10 - (-19 + (38 - 40 - (0 - -3)))?
14
84 - ((-83 - -113) + (9 - 23))
68
What is the value of -27 - 19 - (15 - (7 + -4) - 11)?
-47
What is 83 + (-92 + -26 - -60)?
25
What is -47 - (-14 + -2 + 0 + (368 - 361))?
-38
Evaluate -37 + -1 - (-1 + (-2 - (-4 + -11 + 7))).
-43
6 + 10 + (1 - 1) + -1077 + 1027
-34
Evaluate (-73 - (58 - 60)) + 122.
51
Calculate (-62 + 2 - 3) + (-1123 - -1146).
-40
Calculate (6 + -16 - 11 - ((2 - 0) + -6)) + 1.
-16
Calculate (1 - 16) + (72 - 79) + (2 - -1) + 2.
-17
Evaluate 29 + -54 + 19 + -40.
-46
What is 0 + -2 + (264 - (-172 + 449))?
-15
What is the value of (-7 + (-11 - -9) - 4) + (115 - 81)?
21
Calculate -7 - (31 + -24 + 4 - (-2 + 12)).
-8
Evaluate 16 - ((30 - 49) + 19).
16
What is the value of -10 + 5 + -5 + (2 - (3 - -18)) + -4?
-33
(-1 - 7) + (-3 - (10 + -10 + -38))
27
What is the value of 111 + (-9 - ((35 - 23) + (1 - 11) + 2))?
98
Evaluate 19 - (-24 + 50) - 19.
-26
Calculate (3 - 12) + 31 - (-22 - -39 - 22).
27
-14 + (-35 - -59) + -73
-63
What is (21 - (9 - 29)) + (13 - 17)?
37
What is the value of 34 + (11 - 49) + -36 + 0 + 1 + 1?
-38
What is 62 + -58 - (29 - -3) - 2?
-30
7 - (0 + 3 - (12 - 6) - -12 - 114)
112
Evaluate (-57 - (-6 - -3 - (5 + -12))) + (9 - -4).
-48
Calculate -19 + (19 - 15 - 26) + 91.
50
428 - 467 - (-54 - -6)
9
(6 - 5) + -3 + -10 + (29 - 7)
10
What is the value of 2298 + -2316 + (-4 - -43)?
21
What is the value of (-11 - 1) + 2825 + -2824 - -12?
1
What is the value of -8 + (12 - 4) - (14 - -19)?
-33
What is the value of (47 + 2 - (35 + -15 + -20)) + -8?
41
What is the value of -21 - (-1 + -24 + 8 + -56)?
52
What is (-12 - (-24 - 7)) + -16 - (2 + -77)?
78
Evaluate 7 + (-2 - 10) + 10 + 1 - -3.
9
Evaluate -11 + -8 + 29 - (21 - 6) - 5.
-10
Evaluate 3 - (-53 - -60 - 19).
15
What is -10 - (27 - 2